{"id":2415,"date":"2016-12-16T19:25:51","date_gmt":"2016-12-16T17:25:51","guid":{"rendered":"http:\/\/tmk-nussdorf.at\/?page_id=2415"},"modified":"2017-08-21T23:02:30","modified_gmt":"2017-08-21T21:02:30","slug":"30-10-2016","status":"publish","type":"page","link":"https:\/\/tmk-nussdorf.at\/?page_id=2415","title":{"rendered":"30.10.2016"},"content":{"rendered":"<p>Am letzten Tag unserer Reise fuhren wir zur Sitz-, Stell-, Klatschprobe f\u00fcr die Abschlusszeremonie an die Tsinghua Universit\u00e4t, wo auch die Er\u00f6ffnungszeremonie stattfand. Am Nachmittag fuhren wir dann noch zum Shoppen in den Xiushui Market, wo man alle m\u00f6glichen sch\u00f6nen Dinge kaufen konnte.<\/p>\n<p>Die Marschparade, die eigentlich danach geplant war, wurde wegen starken Windes und kalten Temperaturen abgesagt. So haben sich viele Musikerinnen und Musiker zwischen den Proben und dem Konzert die Zeit in einem Caf\u00e9 gem\u00fctlich verbracht.<\/p>\n<p>Um 19:30 begann die gro\u00dfe Closing Ceremony des Beijing International Band Festival (BIBF), an der jede Musikgruppe aller teilnehmenden L\u00e4nder ein Musikst\u00fcck zum Besten gab. Wir waren als erste Gruppe an der Reihe und pr\u00e4sentierten \u201eThe Sound of Music\u201c.<\/p>\n<p>Zur\u00fcck im Hotel begann das gro\u00dfe Packen und es bestand bis 02:00 fr\u00fch die M\u00f6glichkeit, ein letztes Mal die Bars zu besuchen.<\/p>\n<figure id=\"attachment_2379\" aria-describedby=\"caption-attachment-2379\" style=\"width: 620px\" class=\"wp-caption aligncenter\"><a href=\"http:\/\/tmk-nussdorf.at\/?attachment_id=2379\" rel=\"attachment wp-att-2379\"><img loading=\"lazy\" class=\"wp-image-2379 size-full\" src=\"http:\/\/tmk-nussdorf.at\/wp-content\/uploads\/2016\/12\/China-001-e1481909124913.jpg\" alt=\"\" width=\"620\" height=\"339\" srcset=\"https:\/\/tmk-nussdorf.at\/wp-content\/uploads\/2016\/12\/China-001-e1481909124913.jpg 620w, https:\/\/tmk-nussdorf.at\/wp-content\/uploads\/2016\/12\/China-001-e1481909124913-300x164.jpg 300w\" sizes=\"(max-width: 620px) 100vw, 620px\" \/><\/a><figcaption id=\"caption-attachment-2379\" class=\"wp-caption-text\">Closing Ceremony des BIBF 2016 in der Tsinghua University New Concert Hall<\/figcaption><\/figure>\n","protected":false},"excerpt":{"rendered":"<p>Am letzten Tag unserer Reise fuhren wir zur Sitz-, Stell-, Klatschprobe f\u00fcr die Abschlusszeremonie an die Tsinghua Universit\u00e4t, wo auch die Er\u00f6ffnungszeremonie stattfand. Am Nachmittag fuhren wir dann noch zum Shoppen in den Xiushui Market, wo man alle m\u00f6glichen sch\u00f6nen Dinge kaufen konnte. Die Marschparade, die eigentlich danach geplant war, wurde wegen starken Windes und &hellip; <a href=\"https:\/\/tmk-nussdorf.at\/?page_id=2415\" class=\"more-link\"><span class=\"screen-reader-text\">30.10.2016<\/span> weiterlesen <span class=\"meta-nav\">&rarr;<\/span><\/a><\/p>\n","protected":false},"author":1,"featured_media":0,"parent":2371,"menu_order":8,"comment_status":"closed","ping_status":"closed","template":"","meta":[],"_links":{"self":[{"href":"https:\/\/tmk-nussdorf.at\/index.php?rest_route=\/wp\/v2\/pages\/2415"}],"collection":[{"href":"https:\/\/tmk-nussdorf.at\/index.php?rest_route=\/wp\/v2\/pages"}],"about":[{"href":"https:\/\/tmk-nussdorf.at\/index.php?rest_route=\/wp\/v2\/types\/page"}],"author":[{"embeddable":true,"href":"https:\/\/tmk-nussdorf.at\/index.php?rest_route=\/wp\/v2\/users\/1"}],"replies":[{"embeddable":true,"href":"https:\/\/tmk-nussdorf.at\/index.php?rest_route=%2Fwp%2Fv2%2Fcomments&post=2415"}],"version-history":[{"count":2,"href":"https:\/\/tmk-nussdorf.at\/index.php?rest_route=\/wp\/v2\/pages\/2415\/revisions"}],"predecessor-version":[{"id":2724,"href":"https:\/\/tmk-nussdorf.at\/index.php?rest_route=\/wp\/v2\/pages\/2415\/revisions\/2724"}],"up":[{"embeddable":true,"href":"https:\/\/tmk-nussdorf.at\/index.php?rest_route=\/wp\/v2\/pages\/2371"}],"wp:attachment":[{"href":"https:\/\/tmk-nussdorf.at\/index.php?rest_route=%2Fwp%2Fv2%2Fmedia&parent=2415"}],"curies":[{"name":"wp","href":"https:\/\/api.w.org\/{rel}","templated":true}]}}