{"id":2413,"date":"2016-12-16T19:23:42","date_gmt":"2016-12-16T17:23:42","guid":{"rendered":"http:\/\/tmk-nussdorf.at\/?page_id=2413"},"modified":"2017-08-21T23:01:51","modified_gmt":"2017-08-21T21:01:51","slug":"29-10-2016","status":"publish","type":"page","link":"https:\/\/tmk-nussdorf.at\/?page_id=2413","title":{"rendered":"29.10.2016"},"content":{"rendered":"<p>Nach einem freien Vormittag und einem Mittagessen im Orange Hotel begaben wir uns um 16:00 zur Probe unseres n\u00e4chsten gro\u00dfen Konzertes an der Beijing Beihang Universit\u00e4t.<\/p>\n<p>Gespielt wurde das gesamte einstudierte Programm von 13 St\u00fccken. Aufgrund der Tatsache, dass wir schon sehr gut zusammengespielt waren, wurde dieser Abend musikalisch zu einem gro\u00dfen Erfolg. Die erbrachte Leistung beeindruckte nicht nur das Publikum sondern auch unser Kapellmeisterduo Bali und David. Dieses Konzert war hinsichtlich der Darbietung ein absoluter H\u00f6hepunkt der Reise.<\/p>\n<figure id=\"attachment_2384\" aria-describedby=\"caption-attachment-2384\" style=\"width: 620px\" class=\"wp-caption aligncenter\"><a href=\"http:\/\/tmk-nussdorf.at\/?attachment_id=2384\" rel=\"attachment wp-att-2384\"><img loading=\"lazy\" class=\"wp-image-2384 size-full\" src=\"http:\/\/tmk-nussdorf.at\/wp-content\/uploads\/2016\/12\/China-006.jpg\" alt=\"\" width=\"620\" height=\"413\" srcset=\"https:\/\/tmk-nussdorf.at\/wp-content\/uploads\/2016\/12\/China-006.jpg 620w, https:\/\/tmk-nussdorf.at\/wp-content\/uploads\/2016\/12\/China-006-300x200.jpg 300w\" sizes=\"(max-width: 620px) 100vw, 620px\" \/><\/a><figcaption id=\"caption-attachment-2384\" class=\"wp-caption-text\">Ank\u00fcndigung unseres Konzertes auf einer Plakatwand gegen\u00fcber der Beijing Beihang Universit\u00e4t<\/figcaption><\/figure>\n<figure id=\"attachment_2390\" aria-describedby=\"caption-attachment-2390\" style=\"width: 620px\" class=\"wp-caption aligncenter\"><a href=\"http:\/\/tmk-nussdorf.at\/?attachment_id=2390\" rel=\"attachment wp-att-2390\"><img loading=\"lazy\" class=\"wp-image-2390 size-full\" src=\"http:\/\/tmk-nussdorf.at\/wp-content\/uploads\/2016\/12\/China-012.jpg\" alt=\"\" width=\"620\" height=\"465\" srcset=\"https:\/\/tmk-nussdorf.at\/wp-content\/uploads\/2016\/12\/China-012.jpg 620w, https:\/\/tmk-nussdorf.at\/wp-content\/uploads\/2016\/12\/China-012-300x225.jpg 300w\" sizes=\"(max-width: 620px) 100vw, 620px\" \/><\/a><figcaption id=\"caption-attachment-2390\" class=\"wp-caption-text\">Auff\u00fchrung des Nu\u00dfdorfer Marsches bei unserem zweiten gro\u00dfen Konzert<\/figcaption><\/figure>\n","protected":false},"excerpt":{"rendered":"<p>Nach einem freien Vormittag und einem Mittagessen im Orange Hotel begaben wir uns um 16:00 zur Probe unseres n\u00e4chsten gro\u00dfen Konzertes an der Beijing Beihang Universit\u00e4t. Gespielt wurde das gesamte einstudierte Programm von 13 St\u00fccken. Aufgrund der Tatsache, dass wir schon sehr gut zusammengespielt waren, wurde dieser Abend musikalisch zu einem gro\u00dfen Erfolg. Die erbrachte &hellip; <a href=\"https:\/\/tmk-nussdorf.at\/?page_id=2413\" class=\"more-link\"><span class=\"screen-reader-text\">29.10.2016<\/span> weiterlesen <span class=\"meta-nav\">&rarr;<\/span><\/a><\/p>\n","protected":false},"author":1,"featured_media":0,"parent":2371,"menu_order":7,"comment_status":"closed","ping_status":"closed","template":"","meta":[],"_links":{"self":[{"href":"https:\/\/tmk-nussdorf.at\/index.php?rest_route=\/wp\/v2\/pages\/2413"}],"collection":[{"href":"https:\/\/tmk-nussdorf.at\/index.php?rest_route=\/wp\/v2\/pages"}],"about":[{"href":"https:\/\/tmk-nussdorf.at\/index.php?rest_route=\/wp\/v2\/types\/page"}],"author":[{"embeddable":true,"href":"https:\/\/tmk-nussdorf.at\/index.php?rest_route=\/wp\/v2\/users\/1"}],"replies":[{"embeddable":true,"href":"https:\/\/tmk-nussdorf.at\/index.php?rest_route=%2Fwp%2Fv2%2Fcomments&post=2413"}],"version-history":[{"count":2,"href":"https:\/\/tmk-nussdorf.at\/index.php?rest_route=\/wp\/v2\/pages\/2413\/revisions"}],"predecessor-version":[{"id":2723,"href":"https:\/\/tmk-nussdorf.at\/index.php?rest_route=\/wp\/v2\/pages\/2413\/revisions\/2723"}],"up":[{"embeddable":true,"href":"https:\/\/tmk-nussdorf.at\/index.php?rest_route=\/wp\/v2\/pages\/2371"}],"wp:attachment":[{"href":"https:\/\/tmk-nussdorf.at\/index.php?rest_route=%2Fwp%2Fv2%2Fmedia&parent=2413"}],"curies":[{"name":"wp","href":"https:\/\/api.w.org\/{rel}","templated":true}]}}