{"id":160,"date":"2014-09-08T17:36:12","date_gmt":"2014-09-08T15:36:12","guid":{"rendered":"http:\/\/egger-it.at\/?page_id=160"},"modified":"2024-07-22T12:03:02","modified_gmt":"2024-07-22T10:03:02","slug":"jugendarbeit","status":"publish","type":"page","link":"https:\/\/tmk-nussdorf.at\/?page_id=160","title":{"rendered":"Jugendarbeit"},"content":{"rendered":"<p>Jugendarbeit ist f\u00fcr die Nachwuchsf\u00f6rderung einer Kapelle besonders wichtig. Wir begr\u00fc\u00dfen jeden, der ein Instrument lernen m\u00f6chte. Dringend ben\u00f6tigte Register werden auch gef\u00f6rdert und soweit m\u00f6glich Instrumente von der Musikkapelle bereitgestellt. Im Regelfall erfolgt der Instrumentalunterricht nach erfolgter Anmeldung im Musikschulwerk (Musikum).<\/p>\n<p>W\u00e4hrend der Ausbildung k\u00f6nnen die Kinder im Jugendorchester Anthering-Nu\u00dfdorf mitspielen. Hier lernen sie das Proben und Zusammenspiel in einer gro\u00dfen Gruppe kennen. Das Jugendorchester ist also der ideale Start, um Orchesterluft zu schnuppern. Mehr Infos dazu findet Ihr unter \u201eJugendorchester\u201c.<\/p>\n<p>Je nach musikalischem Niveau, \u00fcblicherweise aber nach dem Jungmusikerleistungsabzeichen in Bronze, kann ein Musiker in die Trachtenmusikkapelle hineinschnuppern. Je l\u00e4nger die Ausbildung dauert, desto besser k\u00f6nnen sich die F\u00e4higkeit am Instrument entwickeln. Wir f\u00f6rdern besonders engagierte Musiker, die bis zum goldenen Leistungsabzeichen weiterlernen. Weiters werden vom Blasmusikverband Salzburg Jungbl\u00e4serseminare angeboten.<\/p>\n<p><strong>Wer mehr \u00fcber den Einstieg in die Kapelle oder \u00fcber ein Instrument erfahren m\u00f6chte, kann sich gerne bei den Jugendreferenten der TMK Nu\u00dfdorf, oder auch bei anderen TMK-Mitgliedern, informieren.<\/strong><\/p>\n\n\n<figure class=\"wp-block-gallery has-nested-images columns-default is-cropped\">\n<figure class=\"wp-block-image size-large\"><img loading=\"lazy\" width=\"768\" height=\"1024\" data-id=\"3571\"  src=\"http:\/\/tmk-nussdorf.at\/wp-content\/uploads\/2023\/10\/DSC00455-768x1024.jpg\" alt=\"\" class=\"wp-image-3571\" srcset=\"https:\/\/tmk-nussdorf.at\/wp-content\/uploads\/2023\/10\/DSC00455-768x1024.jpg 768w, https:\/\/tmk-nussdorf.at\/wp-content\/uploads\/2023\/10\/DSC00455-225x300.jpg 225w, https:\/\/tmk-nussdorf.at\/wp-content\/uploads\/2023\/10\/DSC00455-1152x1536.jpg 1152w, https:\/\/tmk-nussdorf.at\/wp-content\/uploads\/2023\/10\/DSC00455-1536x2048.jpg 1536w, https:\/\/tmk-nussdorf.at\/wp-content\/uploads\/2023\/10\/DSC00455-scaled.jpg 1920w\" sizes=\"(max-width: 768px) 100vw, 768px\" \/><figcaption>Thomas Armstorfer<\/figcaption><\/figure>\n\n\n\n<figure class=\"wp-block-image size-large\"><img loading=\"lazy\" width=\"520\" height=\"590\" data-id=\"3246\"  src=\"http:\/\/tmk-nussdorf.at\/wp-content\/uploads\/2020\/03\/PlanitzerFabian_Homepage.png\" alt=\"\" class=\"wp-image-3246\" srcset=\"https:\/\/tmk-nussdorf.at\/wp-content\/uploads\/2020\/03\/PlanitzerFabian_Homepage.png 520w, https:\/\/tmk-nussdorf.at\/wp-content\/uploads\/2020\/03\/PlanitzerFabian_Homepage-264x300.png 264w\" sizes=\"(max-width: 520px) 100vw, 520px\" \/><figcaption>Fabian Planitzer<\/figcaption><\/figure>\n\n\n\n<figure class=\"wp-block-image size-large\"><img loading=\"lazy\" width=\"768\" height=\"1024\" data-id=\"3247\"  src=\"http:\/\/tmk-nussdorf.at\/wp-content\/uploads\/2020\/03\/SchernthannerViki_Homepage-768x1024.jpg\" alt=\"\" class=\"wp-image-3247\" srcset=\"https:\/\/tmk-nussdorf.at\/wp-content\/uploads\/2020\/03\/SchernthannerViki_Homepage-768x1024.jpg 768w, https:\/\/tmk-nussdorf.at\/wp-content\/uploads\/2020\/03\/SchernthannerViki_Homepage-225x300.jpg 225w, https:\/\/tmk-nussdorf.at\/wp-content\/uploads\/2020\/03\/SchernthannerViki_Homepage-1152x1536.jpg 1152w, https:\/\/tmk-nussdorf.at\/wp-content\/uploads\/2020\/03\/SchernthannerViki_Homepage-1536x2048.jpg 1536w, https:\/\/tmk-nussdorf.at\/wp-content\/uploads\/2020\/03\/SchernthannerViki_Homepage-scaled.jpg 1920w\" sizes=\"(max-width: 768px) 100vw, 768px\" \/><figcaption>Viktoria Schernthanner<\/figcaption><\/figure>\n<figcaption class=\"blocks-gallery-caption\">Kontakt: <a href=\"mailto:jugend@tmk-nussdorf.at\">jugend@tmk-nussdorf.at<\/a><\/figcaption><\/figure>\n\n\n\n<p><\/p>\n","protected":false},"excerpt":{"rendered":"<p>Jugendarbeit ist f\u00fcr die Nachwuchsf\u00f6rderung einer Kapelle besonders wichtig. Wir begr\u00fc\u00dfen jeden, der ein Instrument lernen m\u00f6chte. Dringend ben\u00f6tigte Register werden auch gef\u00f6rdert und soweit m\u00f6glich Instrumente von der Musikkapelle bereitgestellt. Im Regelfall erfolgt der Instrumentalunterricht nach erfolgter Anmeldung im Musikschulwerk (Musikum). W\u00e4hrend der Ausbildung k\u00f6nnen die Kinder im Jugendorchester Anthering-Nu\u00dfdorf mitspielen. Hier lernen sie &hellip; <a href=\"https:\/\/tmk-nussdorf.at\/?page_id=160\" class=\"more-link\"><span class=\"screen-reader-text\">Jugendarbeit<\/span> weiterlesen <span class=\"meta-nav\">&rarr;<\/span><\/a><\/p>\n","protected":false},"author":1,"featured_media":0,"parent":0,"menu_order":4,"comment_status":"open","ping_status":"open","template":"","meta":[],"_links":{"self":[{"href":"https:\/\/tmk-nussdorf.at\/index.php?rest_route=\/wp\/v2\/pages\/160"}],"collection":[{"href":"https:\/\/tmk-nussdorf.at\/index.php?rest_route=\/wp\/v2\/pages"}],"about":[{"href":"https:\/\/tmk-nussdorf.at\/index.php?rest_route=\/wp\/v2\/types\/page"}],"author":[{"embeddable":true,"href":"https:\/\/tmk-nussdorf.at\/index.php?rest_route=\/wp\/v2\/users\/1"}],"replies":[{"embeddable":true,"href":"https:\/\/tmk-nussdorf.at\/index.php?rest_route=%2Fwp%2Fv2%2Fcomments&post=160"}],"version-history":[{"count":8,"href":"https:\/\/tmk-nussdorf.at\/index.php?rest_route=\/wp\/v2\/pages\/160\/revisions"}],"predecessor-version":[{"id":3747,"href":"https:\/\/tmk-nussdorf.at\/index.php?rest_route=\/wp\/v2\/pages\/160\/revisions\/3747"}],"wp:attachment":[{"href":"https:\/\/tmk-nussdorf.at\/index.php?rest_route=%2Fwp%2Fv2%2Fmedia&parent=160"}],"curies":[{"name":"wp","href":"https:\/\/api.w.org\/{rel}","templated":true}]}}