{"id":157,"date":"2014-09-08T17:13:42","date_gmt":"2014-09-08T15:13:42","guid":{"rendered":"http:\/\/egger-it.at\/?page_id=157"},"modified":"2017-08-21T22:48:40","modified_gmt":"2017-08-21T20:48:40","slug":"die-musikkapelle-heute","status":"publish","type":"page","link":"https:\/\/tmk-nussdorf.at\/?page_id=157","title":{"rendered":"Die Musikkapelle heute"},"content":{"rendered":"<p>Innovativ gestaltete Fr\u00fchjahrskonzerte (mit Sprechern, Audio- und Videotechnik, Gesang u.v.m.), ein ausgezeichneter Erfolg bei der Marschmusikbewertung im Juni 2004 in Maxglan (Stufe D, Stabf\u00fchrer Simon Rehrl) sowie eine auf mittlerweile 57\u00a0 Musiker angewachsene Kapelle best\u00e4tigen den modernen und offenen Kurs, mit dem Kapellmeister Gwechenberger und Obmann Johann H\u00f6flmaier die Kapelle heute leiten.<\/p>\n<p>Der imposanteste H\u00f6hepunkt der Kapelle aus musikalischer Sicht war wohl das erste \u201eOpen Air im Bruch\u201c, welches im August 2005 zusammen mit der TMK Lamprechtshausen bei \u00fcber 1000 Besuchern im Schl\u00f6\u00dfler Steinbruch veranstaltet und bereits weitere Male veranstaltet wurde, zuletzt im August 2014.<\/p>\n<p>Die Vergr\u00f6\u00dferung der Kapelle auf den heutigen Stand brachte in den letzten Jahren aber auch Probleme mit sich.<br \/>\nDas gr\u00f6\u00dfte Problem, die Raumnot im Probenlokal unter dem Raiffeisenhaus, konnte im Jahr 2006 mit dem Umbau der alten K\u00e4serei auf ein Heim f\u00fcr die Feuerwehr und die Musikkapelle vorbildlich gel\u00f6st werden. Dies ist nicht zuletzt auf die wohlwollende Unterst\u00fctzung der Gemeinde mit Bgm. Hans Ganisl an der Spitze zur\u00fcckzuf\u00fchren.<\/p>\n<p>Weiters gelang es, die Kapelle im Jubeljahr durch gro\u00dfz\u00fcgige Spenden der Bev\u00f6lkerung, der Gemeinde und mehreren Sponsoren neu einzukleiden. Die Gelder der Bev\u00f6lkerung wurden innerhalb von 3 Jahren jeweils am 1. Mai gesammelt, wo die Kapelle geschlossen von Haus zu Haus zog und um Unterst\u00fctzung bat.<\/p>\n<p>An dieser Stelle ist es den Musikerinnen und Musikern ein Bed\u00fcrfnis, Danke zu sagen all jenen G\u00f6nnern, \u00a0die &#8211; es sei dahingestellt in welcher Form auch immer &#8211; durch ihre st\u00e4ndigen und wohlwollenden Unterst\u00fctzungen den Fortbestand der Kapelle sichern.<\/p>\n<figure id=\"attachment_926\" aria-describedby=\"caption-attachment-926\" style=\"width: 400px\" class=\"wp-caption aligncenter\"><a href=\"http:\/\/tmk-nussdorf.at\/?attachment_id=926\" rel=\"attachment wp-att-926\"><img loading=\"lazy\" class=\"wp-image-926 size-full\" src=\"http:\/\/tmk-nussdorf.at\/wp-content\/uploads\/2014\/09\/erste_Probe.jpg\" alt=\"Erste Probe im neuen Probelokal\" width=\"400\" height=\"300\" srcset=\"https:\/\/tmk-nussdorf.at\/wp-content\/uploads\/2014\/09\/erste_Probe.jpg 400w, https:\/\/tmk-nussdorf.at\/wp-content\/uploads\/2014\/09\/erste_Probe-300x225.jpg 300w\" sizes=\"(max-width: 400px) 100vw, 400px\" \/><\/a><figcaption id=\"caption-attachment-926\" class=\"wp-caption-text\">Erste Probe im neuen Probelokal<\/figcaption><\/figure>\n<p>Mit einem neuen Probenlokal als Heimst\u00e4tte und einer neuen Tracht am Leibe ist die Kapelle f\u00fcr die Zukunft bestens ger\u00fcstet, ihre sch\u00f6ne Heimatgemeinde Nu\u00dfdorf am Haunsberg musikalisch zu vertreten \u2013 zur Freude all jener, die ihre Musik h\u00f6ren k\u00f6nnen.<\/p>\n","protected":false},"excerpt":{"rendered":"<p>Innovativ gestaltete Fr\u00fchjahrskonzerte (mit Sprechern, Audio- und Videotechnik, Gesang u.v.m.), ein ausgezeichneter Erfolg bei der Marschmusikbewertung im Juni 2004 in Maxglan (Stufe D, Stabf\u00fchrer Simon Rehrl) sowie eine auf mittlerweile 57\u00a0 Musiker angewachsene Kapelle best\u00e4tigen den modernen und offenen Kurs, mit dem Kapellmeister Gwechenberger und Obmann Johann H\u00f6flmaier die Kapelle heute leiten. Der imposanteste H\u00f6hepunkt &hellip; <a href=\"https:\/\/tmk-nussdorf.at\/?page_id=157\" class=\"more-link\"><span class=\"screen-reader-text\">Die Musikkapelle heute<\/span> weiterlesen <span class=\"meta-nav\">&rarr;<\/span><\/a><\/p>\n","protected":false},"author":1,"featured_media":0,"parent":137,"menu_order":4,"comment_status":"open","ping_status":"open","template":"","meta":[],"_links":{"self":[{"href":"https:\/\/tmk-nussdorf.at\/index.php?rest_route=\/wp\/v2\/pages\/157"}],"collection":[{"href":"https:\/\/tmk-nussdorf.at\/index.php?rest_route=\/wp\/v2\/pages"}],"about":[{"href":"https:\/\/tmk-nussdorf.at\/index.php?rest_route=\/wp\/v2\/types\/page"}],"author":[{"embeddable":true,"href":"https:\/\/tmk-nussdorf.at\/index.php?rest_route=\/wp\/v2\/users\/1"}],"replies":[{"embeddable":true,"href":"https:\/\/tmk-nussdorf.at\/index.php?rest_route=%2Fwp%2Fv2%2Fcomments&post=157"}],"version-history":[{"count":6,"href":"https:\/\/tmk-nussdorf.at\/index.php?rest_route=\/wp\/v2\/pages\/157\/revisions"}],"predecessor-version":[{"id":2712,"href":"https:\/\/tmk-nussdorf.at\/index.php?rest_route=\/wp\/v2\/pages\/157\/revisions\/2712"}],"up":[{"embeddable":true,"href":"https:\/\/tmk-nussdorf.at\/index.php?rest_route=\/wp\/v2\/pages\/137"}],"wp:attachment":[{"href":"https:\/\/tmk-nussdorf.at\/index.php?rest_route=%2Fwp%2Fv2%2Fmedia&parent=157"}],"curies":[{"name":"wp","href":"https:\/\/api.w.org\/{rel}","templated":true}]}}